{"id":26,"date":"2018-09-21T13:01:32","date_gmt":"2018-09-21T13:01:32","guid":{"rendered":"http:\/\/vdai2002.ro\/?page_id=26"},"modified":"2020-10-29T21:03:32","modified_gmt":"2020-10-29T21:03:32","slug":"produse-zep","status":"publish","type":"page","link":"http:\/\/vdai2002.ro\/index.php\/produse-zep\/","title":{"rendered":"Produse ZEP"},"content":{"rendered":"<p>Ramele si albumele pe care noi le furnizam in piata foto din Romania sunt de o calitate excelenta, dar avem si gama variata de rame si albume pe stoc.<\/p>\n<p>Calitatea ridicat\u0103 a produselor lor, l-a ajutat pe partenerul nostru s\u0103 c\u00e2\u0219tige reputa\u021bia de unul dintre cei mai renumi\u021bi furnizori de rame din Europa.<\/p>\n<p style=\"text-align: center;\"><a href=\"http:\/\/vdai2002.ro\/wp-content\/uploads\/2020\/10\/CATALOG-OCTOMBRIE-2020.pdf\"><img loading=\"lazy\" decoding=\"async\" class=\"aligncenter wp-image-636 size-medium\" src=\"http:\/\/vdai2002.ro\/wp-content\/uploads\/2019\/07\/rame-300x200.jpg\" alt=\"\" width=\"300\" height=\"200\" srcset=\"http:\/\/vdai2002.ro\/wp-content\/uploads\/2019\/07\/rame-300x200.jpg 300w, http:\/\/vdai2002.ro\/wp-content\/uploads\/2019\/07\/rame-768x512.jpg 768w, http:\/\/vdai2002.ro\/wp-content\/uploads\/2019\/07\/rame-1024x683.jpg 1024w, http:\/\/vdai2002.ro\/wp-content\/uploads\/2019\/07\/rame-600x400.jpg 600w\" sizes=\"(max-width: 300px) 100vw, 300px\" \/><\/a><a href=\"http:\/\/vdai2002.ro\/wp-content\/uploads\/2020\/10\/CATALOG-OCTOMBRIE-2020.pdf\">CATALOG OCTOMBRIE 2020<\/a><\/p>\n<p style=\"text-align: center;\"><span style=\"color: #ff0000;\"><strong>Pentru mai multe detalii si preturi va rugam sa ne contactati la adresa de e-mail contact@vdai2002.ro.<\/strong><\/span><\/p>\n","protected":false},"excerpt":{"rendered":"<p>Ramele si albumele pe care noi le furnizam in piata foto din Romania sunt de o calitate excelenta, dar avem si gama variata de rame si albume pe stoc. Calitatea ridicat\u0103 a produselor lor, l-a ajutat pe partenerul nostru s\u0103 c\u00e2\u0219tige reputa\u021bia de unul dintre cei mai renumi\u021bi furnizori de rame din Europa. CATALOG OCTOMBRIE [&hellip;]<\/p>\n","protected":false},"author":1,"featured_media":324,"parent":0,"menu_order":0,"comment_status":"closed","ping_status":"closed","template":"templates\/page-right-sidebar.php","meta":{"_exactmetrics_skip_tracking":false,"_exactmetrics_sitenote_active":false,"_exactmetrics_sitenote_note":"","_exactmetrics_sitenote_category":0,"_monsterinsights_skip_tracking":false,"_monsterinsights_sitenote_active":false,"_monsterinsights_sitenote_note":"","_monsterinsights_sitenote_category":0,"jetpack_post_was_ever_published":false,"footnotes":""},"jetpack_sharing_enabled":true,"jetpack_shortlink":"https:\/\/wp.me\/Pakcvb-q","_links":{"self":[{"href":"http:\/\/vdai2002.ro\/index.php\/wp-json\/wp\/v2\/pages\/26"}],"collection":[{"href":"http:\/\/vdai2002.ro\/index.php\/wp-json\/wp\/v2\/pages"}],"about":[{"href":"http:\/\/vdai2002.ro\/index.php\/wp-json\/wp\/v2\/types\/page"}],"author":[{"embeddable":true,"href":"http:\/\/vdai2002.ro\/index.php\/wp-json\/wp\/v2\/users\/1"}],"replies":[{"embeddable":true,"href":"http:\/\/vdai2002.ro\/index.php\/wp-json\/wp\/v2\/comments?post=26"}],"version-history":[{"count":16,"href":"http:\/\/vdai2002.ro\/index.php\/wp-json\/wp\/v2\/pages\/26\/revisions"}],"predecessor-version":[{"id":308,"href":"http:\/\/vdai2002.ro\/index.php\/wp-json\/wp\/v2\/pages\/26\/revisions\/308"}],"wp:featuredmedia":[{"embeddable":true,"href":"http:\/\/vdai2002.ro\/index.php\/wp-json\/wp\/v2\/media\/324"}],"wp:attachment":[{"href":"http:\/\/vdai2002.ro\/index.php\/wp-json\/wp\/v2\/media?parent=26"}],"curies":[{"name":"wp","href":"https:\/\/api.w.org\/{rel}","templated":true}]}}